{"id":745,"date":"2020-06-16T06:55:49","date_gmt":"2020-06-16T04:55:49","guid":{"rendered":"https:\/\/zakra-agency.sites.qsandbox.com\/?page_id=22"},"modified":"2022-02-14T11:38:01","modified_gmt":"2022-02-14T10:38:01","slug":"perte-de-poids","status":"publish","type":"page","link":"https:\/\/luxopuncture-reims.fr\/index.php\/perte-de-poids\/","title":{"rendered":"Perte de poids"},"content":{"rendered":"\t\t<div data-elementor-type=\"wp-page\" data-elementor-id=\"745\" class=\"elementor elementor-745\">\n\t\t\t\t\t\t<section class=\"elementor-section elementor-top-section elementor-element elementor-element-1c38ef4 elementor-section-boxed elementor-section-height-default elementor-section-height-default\" data-id=\"1c38ef4\" data-element_type=\"section\" data-e-type=\"section\">\n\t\t\t\t\t\t<div class=\"elementor-container elementor-column-gap-default\">\n\t\t\t\t\t<div class=\"elementor-column elementor-col-100 elementor-top-column elementor-element elementor-element-0461e5d\" data-id=\"0461e5d\" data-element_type=\"column\" data-e-type=\"column\">\n\t\t\t<div class=\"elementor-widget-wrap elementor-element-populated\">\n\t\t\t\t\t\t<div class=\"elementor-element elementor-element-525a709 elementor-widget elementor-widget-spacer\" data-id=\"525a709\" data-element_type=\"widget\" data-e-type=\"widget\" data-widget_type=\"spacer.default\">\n\t\t\t\t<div class=\"elementor-widget-container\">\n\t\t\t\t\t\t\t<div class=\"elementor-spacer\">\n\t\t\t<div class=\"elementor-spacer-inner\"><\/div>\n\t\t<\/div>\n\t\t\t\t\t\t<\/div>\n\t\t\t\t<\/div>\n\t\t\t\t\t<\/div>\n\t\t<\/div>\n\t\t\t\t\t<\/div>\n\t\t<\/section>\n\t\t\t\t<section class=\"elementor-section elementor-top-section elementor-element elementor-element-61fe722 elementor-section-full_width elementor-hidden-phone elementor-section-height-default elementor-section-height-default\" data-id=\"61fe722\" data-element_type=\"section\" data-e-type=\"section\">\n\t\t\t\t\t\t<div class=\"elementor-container elementor-column-gap-default\">\n\t\t\t\t\t<div class=\"elementor-column elementor-col-100 elementor-top-column elementor-element elementor-element-510c671\" data-id=\"510c671\" data-element_type=\"column\" data-e-type=\"column\">\n\t\t\t<div class=\"elementor-widget-wrap elementor-element-populated\">\n\t\t\t\t\t\t<div class=\"elementor-element elementor-element-9732bcc elementor-widget elementor-widget-image\" data-id=\"9732bcc\" data-element_type=\"widget\" data-e-type=\"widget\" data-widget_type=\"image.default\">\n\t\t\t\t<div class=\"elementor-widget-container\">\n\t\t\t\t\t\t\t\t\t\t\t\t\t\t\t<img fetchpriority=\"high\" decoding=\"async\" width=\"2000\" height=\"353\" src=\"https:\/\/luxopuncture-reims.fr\/wp-content\/uploads\/2021\/08\/image001.png\" class=\"attachment-full size-full wp-image-3729\" alt=\"\" srcset=\"https:\/\/luxopuncture-reims.fr\/wp-content\/uploads\/2021\/08\/image001.png 2000w, https:\/\/luxopuncture-reims.fr\/wp-content\/uploads\/2021\/08\/image001-300x53.png 300w, https:\/\/luxopuncture-reims.fr\/wp-content\/uploads\/2021\/08\/image001-1024x181.png 1024w, https:\/\/luxopuncture-reims.fr\/wp-content\/uploads\/2021\/08\/image001-768x136.png 768w, https:\/\/luxopuncture-reims.fr\/wp-content\/uploads\/2021\/08\/image001-1536x271.png 1536w\" sizes=\"(max-width: 2000px) 100vw, 2000px\" \/>\t\t\t\t\t\t\t\t\t\t\t\t\t\t\t<\/div>\n\t\t\t\t<\/div>\n\t\t\t\t\t<\/div>\n\t\t<\/div>\n\t\t\t\t\t<\/div>\n\t\t<\/section>\n\t\t\t\t<section class=\"elementor-section elementor-top-section elementor-element elementor-element-f5dc370 elementor-section-full_width elementor-section-height-default elementor-section-height-default\" data-id=\"f5dc370\" data-element_type=\"section\" data-e-type=\"section\">\n\t\t\t\t\t\t<div class=\"elementor-container elementor-column-gap-default\">\n\t\t\t\t\t<div class=\"elementor-column elementor-col-50 elementor-top-column elementor-element elementor-element-689b739\" data-id=\"689b739\" data-element_type=\"column\" data-e-type=\"column\">\n\t\t\t<div class=\"elementor-widget-wrap elementor-element-populated\">\n\t\t\t\t\t\t<div class=\"elementor-element elementor-element-9311048 elementor-invisible elementor-widget elementor-widget-image\" data-id=\"9311048\" data-element_type=\"widget\" data-e-type=\"widget\" data-settings=\"{&quot;_animation&quot;:&quot;fadeInLeft&quot;}\" data-widget_type=\"image.default\">\n\t\t\t\t<div class=\"elementor-widget-container\">\n\t\t\t\t\t\t\t\t\t\t\t\t\t\t\t<img decoding=\"async\" width=\"633\" height=\"613\" src=\"https:\/\/luxopuncture-reims.fr\/wp-content\/uploads\/2021\/07\/Plan-de-travail-1_3-1.png\" class=\"attachment-full size-full wp-image-3531\" alt=\"\" srcset=\"https:\/\/luxopuncture-reims.fr\/wp-content\/uploads\/2021\/07\/Plan-de-travail-1_3-1.png 633w, https:\/\/luxopuncture-reims.fr\/wp-content\/uploads\/2021\/07\/Plan-de-travail-1_3-1-300x291.png 300w\" sizes=\"(max-width: 633px) 100vw, 633px\" \/>\t\t\t\t\t\t\t\t\t\t\t\t\t\t\t<\/div>\n\t\t\t\t<\/div>\n\t\t\t\t\t<\/div>\n\t\t<\/div>\n\t\t\t\t<div class=\"elementor-column elementor-col-50 elementor-top-column elementor-element elementor-element-52b7240 elementor-invisible\" data-id=\"52b7240\" data-element_type=\"column\" data-e-type=\"column\" data-settings=\"{&quot;animation&quot;:&quot;fadeInLeft&quot;}\">\n\t\t\t<div class=\"elementor-widget-wrap elementor-element-populated\">\n\t\t\t\t\t\t<div class=\"elementor-element elementor-element-5d6354d elementor-invisible elementor-widget elementor-widget-text-editor\" data-id=\"5d6354d\" data-element_type=\"widget\" data-e-type=\"widget\" data-settings=\"{&quot;_animation&quot;:&quot;fadeInRight&quot;}\" data-widget_type=\"text-editor.default\">\n\t\t\t\t<div class=\"elementor-widget-container\">\n\t\t\t\t\t\t\t\t\t<h6>\u00a0<\/h6><h6><span style=\"text-decoration: underline; color: #cb1333;\">Les objectifs du Centre De Luxopuncture Reims sur la perte de poids :<\/span><\/h6><h6>&#8211; Modifier le comportement alimentaire<br \/>&#8211; R\u00e9tablir le bon fonctionnement de votre m\u00e9tabolisme <br \/>&#8211; Retrouver le sentiment de sati\u00e9t\u00e9<br \/>&#8211; \u00c9liminer les comportements compulsifs (envie de sucr\u00e9, sal\u00e9, de gras \u2026)<br \/>&#8211; Am\u00e9liorer votre humeur et votre sommeil<\/h6><h6><span style=\"text-decoration: underline;\"><span style=\"color: #cb1333; text-decoration: underline;\">Dur\u00e9e de la cure :<\/span><\/span><\/h6><h6>1er rendez-vous de 1h30 : Bilan personnalis\u00e9 accompagn\u00e9 d\u2019une s\u00e9ance de luxopuncture<br \/>La phase d\u2019attaque : Entre 1 et 7 jours<br \/>La phase d\u2019amincissement : \u00c0 partir de 5 s\u00e9ances* \u00e0 raison d&rsquo;une par semaine<br \/>La phase de stabilisation : Dur\u00e9e \u00e9quivalente \u00e0 la phase d\u2019amincissement \u00e0 raison d\u2019une s\u00e9ance par mois. <br \/>*La dur\u00e9e de la cure varie selon le nombre de kilos \u00e0 perdre.<\/h6><h6><span style=\"text-decoration: underline;\"><span style=\"color: #cb1333; text-decoration: underline;\">R\u00e9sultats :<\/span><\/span><\/h6><h6>En stimulant diff\u00e9rents points r\u00e9flexes strat\u00e9giques, la luxopuncture permet d\u2019observer chez la plupart des personnes une perte de poids de 3 \u00e0 4 kilos par mois. Par exemple, en 12 s\u00e9ances, on peut esp\u00e9rer perdre 10kg. Cependant, il est indispensable de suivre un r\u00e9\u00e9quilibrage alimentaire sain et \u00e9quilibr\u00e9 pour favoriser les r\u00e9sultats et la stabilisation de votre poids de forme. Diff\u00e9rents guides de r\u00e9\u00e9quilibrage alimentaire vous sont remis au fur et \u00e0 mesure de la cure.<\/h6><h6>Par ailleurs, en 2007, une \u00e9tude men\u00e9e par le bureau de recherche clinique TEREO a \u00e9valu\u00e9 291 personnes dont le taux de satisfaction atteint 95,6% pour des amaigrissements de 2 \u00e0 36kg.<\/h6><h6>Selon une \u00e9tude de l\u2019Institut Pasteur, il a \u00e9t\u00e9 prouv\u00e9 que les personnes trait\u00e9es pour une surcharge pond\u00e9rale ou une ob\u00e9sit\u00e9 de grade 1 par luxopuncture obtenaient de meilleurs r\u00e9sultats au bout de 12 mois contrairement \u00e0 ceux qui \u00e9taient seulement suivis en di\u00e9t\u00e9tique.<\/h6>\t\t\t\t\t\t\t\t<\/div>\n\t\t\t\t<\/div>\n\t\t\t\t\t<\/div>\n\t\t<\/div>\n\t\t\t\t\t<\/div>\n\t\t<\/section>\n\t\t\t\t<section class=\"elementor-section elementor-top-section elementor-element elementor-element-41aaf55 elementor-section-boxed elementor-section-height-default elementor-section-height-default\" data-id=\"41aaf55\" data-element_type=\"section\" data-e-type=\"section\">\n\t\t\t\t\t\t<div class=\"elementor-container elementor-column-gap-default\">\n\t\t\t\t\t<div class=\"elementor-column elementor-col-100 elementor-top-column elementor-element elementor-element-5ddd589\" data-id=\"5ddd589\" data-element_type=\"column\" data-e-type=\"column\">\n\t\t\t<div class=\"elementor-widget-wrap elementor-element-populated\">\n\t\t\t\t\t\t<div class=\"elementor-element elementor-element-995f290 elementor-icon-list--layout-inline elementor-align-center elementor-list-item-link-full_width elementor-widget elementor-widget-icon-list\" data-id=\"995f290\" data-element_type=\"widget\" data-e-type=\"widget\" data-widget_type=\"icon-list.default\">\n\t\t\t\t<div class=\"elementor-widget-container\">\n\t\t\t\t\t\t\t<ul class=\"elementor-icon-list-items elementor-inline-items\">\n\t\t\t\t\t\t\t<li class=\"elementor-icon-list-item elementor-inline-item\">\n\t\t\t\t\t\t\t\t\t\t\t<a href=\"https:\/\/www.facebook.com\/luxo.reims\/\" target=\"_blank\">\n\n\t\t\t\t\t\t\t\t\t\t\t\t<span class=\"elementor-icon-list-icon\">\n\t\t\t\t\t\t\t<i aria-hidden=\"true\" class=\"fab fa-facebook-f\"><\/i>\t\t\t\t\t\t<\/span>\n\t\t\t\t\t\t\t\t\t\t<span class=\"elementor-icon-list-text\"><\/span>\n\t\t\t\t\t\t\t\t\t\t\t<\/a>\n\t\t\t\t\t\t\t\t\t<\/li>\n\t\t\t\t\t\t\t\t<li class=\"elementor-icon-list-item elementor-inline-item\">\n\t\t\t\t\t\t\t\t\t\t\t<a href=\"https:\/\/www.linkedin.com\/in\/rachel-forget-1a62a271\/?originalSubdomain=fr\" target=\"_blank\">\n\n\t\t\t\t\t\t\t\t\t\t\t\t<span class=\"elementor-icon-list-icon\">\n\t\t\t\t\t\t\t<i aria-hidden=\"true\" class=\"fab fa-linkedin-in\"><\/i>\t\t\t\t\t\t<\/span>\n\t\t\t\t\t\t\t\t\t\t<span class=\"elementor-icon-list-text\"><\/span>\n\t\t\t\t\t\t\t\t\t\t\t<\/a>\n\t\t\t\t\t\t\t\t\t<\/li>\n\t\t\t\t\t\t\t\t<li class=\"elementor-icon-list-item elementor-inline-item\">\n\t\t\t\t\t\t\t\t\t\t\t<a href=\"https:\/\/www.youtube.com\/playlist?list=PLtvcnizCFZ7B-Oy52C79CKT5WIqZzM7RH\" target=\"_blank\">\n\n\t\t\t\t\t\t\t\t\t\t\t\t<span class=\"elementor-icon-list-icon\">\n\t\t\t\t\t\t\t<i aria-hidden=\"true\" class=\"fab fa-youtube\"><\/i>\t\t\t\t\t\t<\/span>\n\t\t\t\t\t\t\t\t\t\t<span class=\"elementor-icon-list-text\"><\/span>\n\t\t\t\t\t\t\t\t\t\t\t<\/a>\n\t\t\t\t\t\t\t\t\t<\/li>\n\t\t\t\t\t\t\t\t<li class=\"elementor-icon-list-item elementor-inline-item\">\n\t\t\t\t\t\t\t\t\t\t\t<a href=\"https:\/\/www.instagram.com\/luxo_reims\/?show_story_unavailable=1\">\n\n\t\t\t\t\t\t\t\t\t\t\t\t<span class=\"elementor-icon-list-icon\">\n\t\t\t\t\t\t\t<i aria-hidden=\"true\" class=\"fab fa-instagram\"><\/i>\t\t\t\t\t\t<\/span>\n\t\t\t\t\t\t\t\t\t\t<span class=\"elementor-icon-list-text\"><\/span>\n\t\t\t\t\t\t\t\t\t\t\t<\/a>\n\t\t\t\t\t\t\t\t\t<\/li>\n\t\t\t\t\t\t<\/ul>\n\t\t\t\t\t\t<\/div>\n\t\t\t\t<\/div>\n\t\t\t\t\t<\/div>\n\t\t<\/div>\n\t\t\t\t\t<\/div>\n\t\t<\/section>\n\t\t\t\t<\/div>\n\t\t","protected":false},"excerpt":{"rendered":"<p>\u00a0 Les objectifs du Centre De Luxopuncture Reims sur la perte de poids : &#8211; Modifier le comportement alimentaire&#8211; R\u00e9tablir le bon fonctionnement de votre m\u00e9tabolisme &#8211; Retrouver le sentiment de sati\u00e9t\u00e9&#8211; \u00c9liminer les comportements compulsifs (envie de sucr\u00e9, sal\u00e9, de gras \u2026)&#8211; Am\u00e9liorer votre humeur et votre sommeil Dur\u00e9e de la cure : 1er [&hellip;]<\/p>\n","protected":false},"author":1,"featured_media":0,"parent":0,"menu_order":0,"comment_status":"closed","ping_status":"closed","template":"page-templates\/pagebuilder.php","meta":{"zakra_page_container_layout":"stretched","zakra_page_sidebar_layout":"no_sidebar","zakra_remove_content_margin":false,"zakra_sidebar":"customizer","zakra_transparent_header":"0","zakra_logo":1838,"zakra_main_header_style":"default","zakra_menu_item_color":"","zakra_menu_item_hover_color":"","zakra_menu_item_active_color":"","zakra_menu_active_style":"","zakra_page_header":false,"footnotes":""},"class_list":["post-745","page","type-page","status-publish","hentry"],"yoast_head":"<!-- This site is optimized with the Yoast SEO plugin v27.5 - https:\/\/yoast.com\/product\/yoast-seo-wordpress\/ -->\n<title>Perte de poids - LUXOPUNCTURE REIMS<\/title>\n<meta name=\"robots\" content=\"index, follow, max-snippet:-1, max-image-preview:large, max-video-preview:-1\" \/>\n<link rel=\"canonical\" href=\"https:\/\/luxopuncture-reims.fr\/index.php\/perte-de-poids\/\" \/>\n<meta property=\"og:locale\" content=\"fr_FR\" \/>\n<meta property=\"og:type\" content=\"article\" \/>\n<meta property=\"og:title\" content=\"Perte de poids - LUXOPUNCTURE REIMS\" \/>\n<meta property=\"og:description\" content=\"\u00a0 Les objectifs du Centre De Luxopuncture Reims sur la perte de poids : &#8211; Modifier le comportement alimentaire&#8211; R\u00e9tablir le bon fonctionnement de votre m\u00e9tabolisme &#8211; Retrouver le sentiment de sati\u00e9t\u00e9&#8211; \u00c9liminer les comportements compulsifs (envie de sucr\u00e9, sal\u00e9, de gras \u2026)&#8211; Am\u00e9liorer votre humeur et votre sommeil Dur\u00e9e de la cure : 1er [&hellip;]\" \/>\n<meta property=\"og:url\" content=\"https:\/\/luxopuncture-reims.fr\/index.php\/perte-de-poids\/\" \/>\n<meta property=\"og:site_name\" content=\"LUXOPUNCTURE REIMS\" \/>\n<meta property=\"article:modified_time\" content=\"2022-02-14T10:38:01+00:00\" \/>\n<meta property=\"og:image\" content=\"https:\/\/luxopuncture-reims.fr\/wp-content\/uploads\/2021\/08\/image001.png\" \/>\n<meta name=\"twitter:card\" content=\"summary_large_image\" \/>\n<meta name=\"twitter:label1\" content=\"Dur\u00e9e de lecture estim\u00e9e\" \/>\n\t<meta name=\"twitter:data1\" content=\"1 minute\" \/>\n<script type=\"application\/ld+json\" class=\"yoast-schema-graph\">{\"@context\":\"https:\\\/\\\/schema.org\",\"@graph\":[{\"@type\":\"WebPage\",\"@id\":\"https:\\\/\\\/luxopuncture-reims.fr\\\/index.php\\\/perte-de-poids\\\/\",\"url\":\"https:\\\/\\\/luxopuncture-reims.fr\\\/index.php\\\/perte-de-poids\\\/\",\"name\":\"Perte de poids - LUXOPUNCTURE REIMS\",\"isPartOf\":{\"@id\":\"https:\\\/\\\/luxopuncture-reims.fr\\\/#website\"},\"primaryImageOfPage\":{\"@id\":\"https:\\\/\\\/luxopuncture-reims.fr\\\/index.php\\\/perte-de-poids\\\/#primaryimage\"},\"image\":{\"@id\":\"https:\\\/\\\/luxopuncture-reims.fr\\\/index.php\\\/perte-de-poids\\\/#primaryimage\"},\"thumbnailUrl\":\"https:\\\/\\\/luxopuncture-reims.fr\\\/wp-content\\\/uploads\\\/2021\\\/08\\\/image001.png\",\"datePublished\":\"2020-06-16T04:55:49+00:00\",\"dateModified\":\"2022-02-14T10:38:01+00:00\",\"breadcrumb\":{\"@id\":\"https:\\\/\\\/luxopuncture-reims.fr\\\/index.php\\\/perte-de-poids\\\/#breadcrumb\"},\"inLanguage\":\"fr-FR\",\"potentialAction\":[{\"@type\":\"ReadAction\",\"target\":[\"https:\\\/\\\/luxopuncture-reims.fr\\\/index.php\\\/perte-de-poids\\\/\"]}]},{\"@type\":\"ImageObject\",\"inLanguage\":\"fr-FR\",\"@id\":\"https:\\\/\\\/luxopuncture-reims.fr\\\/index.php\\\/perte-de-poids\\\/#primaryimage\",\"url\":\"https:\\\/\\\/luxopuncture-reims.fr\\\/wp-content\\\/uploads\\\/2021\\\/08\\\/image001.png\",\"contentUrl\":\"https:\\\/\\\/luxopuncture-reims.fr\\\/wp-content\\\/uploads\\\/2021\\\/08\\\/image001.png\",\"width\":2000,\"height\":353},{\"@type\":\"BreadcrumbList\",\"@id\":\"https:\\\/\\\/luxopuncture-reims.fr\\\/index.php\\\/perte-de-poids\\\/#breadcrumb\",\"itemListElement\":[{\"@type\":\"ListItem\",\"position\":1,\"name\":\"Accueil\",\"item\":\"https:\\\/\\\/luxopuncture-reims.fr\\\/\"},{\"@type\":\"ListItem\",\"position\":2,\"name\":\"Perte de poids\"}]},{\"@type\":\"WebSite\",\"@id\":\"https:\\\/\\\/luxopuncture-reims.fr\\\/#website\",\"url\":\"https:\\\/\\\/luxopuncture-reims.fr\\\/\",\"name\":\"LUXOPUNCTURE REIMS\",\"description\":\"\",\"publisher\":{\"@id\":\"https:\\\/\\\/luxopuncture-reims.fr\\\/#organization\"},\"potentialAction\":[{\"@type\":\"SearchAction\",\"target\":{\"@type\":\"EntryPoint\",\"urlTemplate\":\"https:\\\/\\\/luxopuncture-reims.fr\\\/?s={search_term_string}\"},\"query-input\":{\"@type\":\"PropertyValueSpecification\",\"valueRequired\":true,\"valueName\":\"search_term_string\"}}],\"inLanguage\":\"fr-FR\"},{\"@type\":\"Organization\",\"@id\":\"https:\\\/\\\/luxopuncture-reims.fr\\\/#organization\",\"name\":\"LUXOPUNCTURE REIMS\",\"url\":\"https:\\\/\\\/luxopuncture-reims.fr\\\/\",\"logo\":{\"@type\":\"ImageObject\",\"inLanguage\":\"fr-FR\",\"@id\":\"https:\\\/\\\/luxopuncture-reims.fr\\\/#\\\/schema\\\/logo\\\/image\\\/\",\"url\":\"https:\\\/\\\/luxopuncture-reims.fr\\\/wp-content\\\/uploads\\\/2021\\\/06\\\/cropped-cropped-logo-e1624392191257.jpg\",\"contentUrl\":\"https:\\\/\\\/luxopuncture-reims.fr\\\/wp-content\\\/uploads\\\/2021\\\/06\\\/cropped-cropped-logo-e1624392191257.jpg\",\"width\":200,\"height\":50,\"caption\":\"LUXOPUNCTURE REIMS\"},\"image\":{\"@id\":\"https:\\\/\\\/luxopuncture-reims.fr\\\/#\\\/schema\\\/logo\\\/image\\\/\"}}]}<\/script>\n<!-- \/ Yoast SEO plugin. -->","yoast_head_json":{"title":"Perte de poids - LUXOPUNCTURE REIMS","robots":{"index":"index","follow":"follow","max-snippet":"max-snippet:-1","max-image-preview":"max-image-preview:large","max-video-preview":"max-video-preview:-1"},"canonical":"https:\/\/luxopuncture-reims.fr\/index.php\/perte-de-poids\/","og_locale":"fr_FR","og_type":"article","og_title":"Perte de poids - LUXOPUNCTURE REIMS","og_description":"\u00a0 Les objectifs du Centre De Luxopuncture Reims sur la perte de poids : &#8211; Modifier le comportement alimentaire&#8211; R\u00e9tablir le bon fonctionnement de votre m\u00e9tabolisme &#8211; Retrouver le sentiment de sati\u00e9t\u00e9&#8211; \u00c9liminer les comportements compulsifs (envie de sucr\u00e9, sal\u00e9, de gras \u2026)&#8211; Am\u00e9liorer votre humeur et votre sommeil Dur\u00e9e de la cure : 1er [&hellip;]","og_url":"https:\/\/luxopuncture-reims.fr\/index.php\/perte-de-poids\/","og_site_name":"LUXOPUNCTURE REIMS","article_modified_time":"2022-02-14T10:38:01+00:00","og_image":[{"url":"https:\/\/luxopuncture-reims.fr\/wp-content\/uploads\/2021\/08\/image001.png","type":"","width":"","height":""}],"twitter_card":"summary_large_image","twitter_misc":{"Dur\u00e9e de lecture estim\u00e9e":"1 minute"},"schema":{"@context":"https:\/\/schema.org","@graph":[{"@type":"WebPage","@id":"https:\/\/luxopuncture-reims.fr\/index.php\/perte-de-poids\/","url":"https:\/\/luxopuncture-reims.fr\/index.php\/perte-de-poids\/","name":"Perte de poids - LUXOPUNCTURE REIMS","isPartOf":{"@id":"https:\/\/luxopuncture-reims.fr\/#website"},"primaryImageOfPage":{"@id":"https:\/\/luxopuncture-reims.fr\/index.php\/perte-de-poids\/#primaryimage"},"image":{"@id":"https:\/\/luxopuncture-reims.fr\/index.php\/perte-de-poids\/#primaryimage"},"thumbnailUrl":"https:\/\/luxopuncture-reims.fr\/wp-content\/uploads\/2021\/08\/image001.png","datePublished":"2020-06-16T04:55:49+00:00","dateModified":"2022-02-14T10:38:01+00:00","breadcrumb":{"@id":"https:\/\/luxopuncture-reims.fr\/index.php\/perte-de-poids\/#breadcrumb"},"inLanguage":"fr-FR","potentialAction":[{"@type":"ReadAction","target":["https:\/\/luxopuncture-reims.fr\/index.php\/perte-de-poids\/"]}]},{"@type":"ImageObject","inLanguage":"fr-FR","@id":"https:\/\/luxopuncture-reims.fr\/index.php\/perte-de-poids\/#primaryimage","url":"https:\/\/luxopuncture-reims.fr\/wp-content\/uploads\/2021\/08\/image001.png","contentUrl":"https:\/\/luxopuncture-reims.fr\/wp-content\/uploads\/2021\/08\/image001.png","width":2000,"height":353},{"@type":"BreadcrumbList","@id":"https:\/\/luxopuncture-reims.fr\/index.php\/perte-de-poids\/#breadcrumb","itemListElement":[{"@type":"ListItem","position":1,"name":"Accueil","item":"https:\/\/luxopuncture-reims.fr\/"},{"@type":"ListItem","position":2,"name":"Perte de poids"}]},{"@type":"WebSite","@id":"https:\/\/luxopuncture-reims.fr\/#website","url":"https:\/\/luxopuncture-reims.fr\/","name":"LUXOPUNCTURE REIMS","description":"","publisher":{"@id":"https:\/\/luxopuncture-reims.fr\/#organization"},"potentialAction":[{"@type":"SearchAction","target":{"@type":"EntryPoint","urlTemplate":"https:\/\/luxopuncture-reims.fr\/?s={search_term_string}"},"query-input":{"@type":"PropertyValueSpecification","valueRequired":true,"valueName":"search_term_string"}}],"inLanguage":"fr-FR"},{"@type":"Organization","@id":"https:\/\/luxopuncture-reims.fr\/#organization","name":"LUXOPUNCTURE REIMS","url":"https:\/\/luxopuncture-reims.fr\/","logo":{"@type":"ImageObject","inLanguage":"fr-FR","@id":"https:\/\/luxopuncture-reims.fr\/#\/schema\/logo\/image\/","url":"https:\/\/luxopuncture-reims.fr\/wp-content\/uploads\/2021\/06\/cropped-cropped-logo-e1624392191257.jpg","contentUrl":"https:\/\/luxopuncture-reims.fr\/wp-content\/uploads\/2021\/06\/cropped-cropped-logo-e1624392191257.jpg","width":200,"height":50,"caption":"LUXOPUNCTURE REIMS"},"image":{"@id":"https:\/\/luxopuncture-reims.fr\/#\/schema\/logo\/image\/"}}]}},"rttpg_featured_image_url":null,"rttpg_author":{"display_name":"admin5774","author_link":"https:\/\/luxopuncture-reims.fr\/index.php\/author\/admin5774\/"},"rttpg_comment":0,"rttpg_category":null,"rttpg_excerpt":"\u00a0 Les objectifs du Centre De Luxopuncture Reims sur la perte de poids : &#8211; Modifier le comportement alimentaire&#8211; R\u00e9tablir le bon fonctionnement de votre m\u00e9tabolisme &#8211; Retrouver le sentiment de sati\u00e9t\u00e9&#8211; \u00c9liminer les comportements compulsifs (envie de sucr\u00e9, sal\u00e9, de gras \u2026)&#8211; Am\u00e9liorer votre humeur et votre sommeil Dur\u00e9e de la cure : 1er\u2026","_links":{"self":[{"href":"https:\/\/luxopuncture-reims.fr\/index.php\/wp-json\/wp\/v2\/pages\/745","targetHints":{"allow":["GET"]}}],"collection":[{"href":"https:\/\/luxopuncture-reims.fr\/index.php\/wp-json\/wp\/v2\/pages"}],"about":[{"href":"https:\/\/luxopuncture-reims.fr\/index.php\/wp-json\/wp\/v2\/types\/page"}],"author":[{"embeddable":true,"href":"https:\/\/luxopuncture-reims.fr\/index.php\/wp-json\/wp\/v2\/users\/1"}],"replies":[{"embeddable":true,"href":"https:\/\/luxopuncture-reims.fr\/index.php\/wp-json\/wp\/v2\/comments?post=745"}],"version-history":[{"count":5,"href":"https:\/\/luxopuncture-reims.fr\/index.php\/wp-json\/wp\/v2\/pages\/745\/revisions"}],"predecessor-version":[{"id":3886,"href":"https:\/\/luxopuncture-reims.fr\/index.php\/wp-json\/wp\/v2\/pages\/745\/revisions\/3886"}],"wp:attachment":[{"href":"https:\/\/luxopuncture-reims.fr\/index.php\/wp-json\/wp\/v2\/media?parent=745"}],"curies":[{"name":"wp","href":"https:\/\/api.w.org\/{rel}","templated":true}]}}